or of 25 and s?
5
Let m be 2/4*40/20. Let r be (m*84)/(5/10 + 0). Calculate the greatest common divisor of 24 and r.
24
Let s be 72/(-8)*((-2)/(-3))/(-2). Suppose -3*o + 2*k = 3*k - 268, s*k - 100 = -o. Calculate the greatest common factor of 11 and o.
11
Let k(t) = -244*t - 3. Let h be k(-2). Let w = h - 296. Calculate the highest common factor of 21 and w.
21
Suppose m + 49 = i - 6*i, 0 = 4*m - 4. Let w be ((-4)/(-5))/((-4)/i). Suppose -4 = -7*u + 52. Calculate the highest common factor of u and w.
2
Let f be -2 + 0 - (5 - (14 - 5)). Let y be (2 - 3/2)*2. What is the highest common factor of f and y?
1
Let r be ((1 - (-2)/2) + -24)*-5. What is the highest common divisor of r and 198?
22
Let q(g) = -g**3 - 26*g**2 - 48*g + 9. Let p be q(-24). Calculate the greatest common factor of p and 1584.
9
Suppose -196 = -m - 3*m. Let r be 14/m + (-18)/14. Let x be 4*r + 3 + 9. Calculate the greatest common divisor of 24 and x.
8
Let f be -4 + 1 + 2 + 19. Let i be 80/2*(-23)/((-1150)/180). What is the highest common factor of f and i?
18
Suppose 26*q = -2*q + 448. What is the greatest common factor of 48 and q?
16
Suppose -4*o = -s + 115 + 13, -488 = -4*s + 4*o. Let g = 4 - -16. Calculate the greatest common divisor of g and s.
20
Let w = 146 - -4. Let m(c) = -28*c - 237. Let t be m(-9). What is the highest common divisor of w and t?
15
Let b(g) = g + 5. Let h be b(-10). Let x be 3*h/15 + 2*25. What is the highest common divisor of 14 and x?
7
Suppose f = -4*i + 12, -3*f = -0*i + 5*i - 43. Let z be 3/(9/(-15)) - 9/(-3). Let u be 867/6 + z/4. What is the greatest common factor of u and f?
16
Let o be (-54)/(-2)*684/54. Let v be (o/8)/9*4. What is the greatest common divisor of 171 and v?
19
Let d = -14 - -11. Let b be 9 + (d - (-1 + -2)). Suppose -10*p + 6*p + 180 = 0. What is the highest common factor of p and b?
9
Let m(b) = b**3 + 11*b**2 - 12*b - 5. Let l be m(-12). Let u = 27 - l. What is the highest common factor of u and 48?
16
Let q(t) = -t**2 - 12*t + 14. Let x be q(-11). Suppose 0 = s - 6*s - x, -3*l = -2*s - 58. What is the highest common factor of 16 and l?
16
Let c(h) = 4*h**2 + 5*h. Let l be c(-4). Let m be 369/33 - 10/55. What is the highest common divisor of l and m?
11
Let o(y) = y**3 - 3*y**2 + 2*y + 4. Let c be o(5). Suppose -4 + 1 = -h. Let a be 47/3 - (-1)/h. What is the highest common divisor of a and c?
16
Let k(u) = 2*u**2 + 5*u - 32. Let n be k(4). Calculate the greatest common factor of 260 and n.
20
Let j(o) = o**2 - 19*o + 4. Let i be (-151)/(-7) + (-24)/(-56). Let l be j(i). What is the greatest common factor of 35 and l?
35
Let d(i) be the second derivative of -i**4/12 - 2*i**3 + i**2 + 10*i. Let z be d(-12). What is the highest common divisor of 14 and z?
2
Let r(o) = o**2 - 10*o + 7. Let n = -20 - -29. Let q be r(n). Let v be (q/2)/((-10)/70). Calculate the greatest common factor of v and 21.
7
Suppose 0*v - 13*v = -507. What is the greatest common factor of 169 and v?
13
Suppose 0 = 3*s + 5*u - u - 76, 0 = -s + 3*u + 8. Let k(d) = -10*d + 20. Let x be k(-12). Calculate the greatest common factor of s and x.
20
Suppose -f - 9 + 29 = 0. Suppose 4*r - 30 = 10*r. Let t = r - -35. What is the highest common factor of t and f?
10
Suppose -648 = 3*x - 78. Let t = x - -300. Suppose -2*h - 5*r = -0*h - 79, 5*h = 5*r + t. Calculate the highest common factor of h and 18.
9
Suppose 1458 = 14*g - 1874. Calculate the highest common factor of 308 and g.
14
Suppose -6*a + 316 = -494. What is the highest common factor of 81 and a?
27
Let z = 94 - -14. Suppose 6*n - 108 = z. Calculate the highest common divisor of n and 4.
4
Suppose -3*q - 532 = 6*f - 2*f, 3*f - q = -386. Let z = 235 + f. What is the greatest common factor of z and 45?
15
Let t be 2/(-4)*(-1 - 1). Suppose -z + 0 = 2. Let o be (z - t - -25) + -2. What is the greatest common divisor of o and 80?
20
Suppose 4*u - 2824 = -4*p, 0 = -3*u - 3*p + p + 2115. What is the greatest common divisor of 19 and u?
19
Let z = -694 - -1250. Let g = z - 314. Let x be 28 - -2*(2 - 5). Calculate the greatest common divisor of x and g.
22
Suppose -2*f - 114 = -13*j + 9*j, f = 3. Calculate the highest common factor of 170 and j.
10
Let k(u) = -u**3 + u**2 - 5*u + 3. Let l be k(3). Let h be (-1)/(-2 + 4)*l. Let o = -283 - -288. What is the highest common factor of h and o?
5
Let c(r) = -2*r**3 - 2*r**2 + 9*r + 6. Let s be c(-4). Let b be (-4)/(-6) + (1 - (-65)/15). Calculate the greatest common factor of b and s.
6
Let t be (-4)/(-30) - -8*(-265)/150. Let b = t + 17. What is the greatest common divisor of 6 and b?
3
Suppose -4*g = -13*g + 2520. Calculate the highest common factor of 35 and g.
35
Let w(o) = o. Let z be w(2). Let a be 1/4 + 66/24. Suppose 0 = -4*k + 21 - 1, a*k - 59 = -2*b. Calculate the highest common divisor of z and b.
2
Let g = 98 + -78. What is the greatest common divisor of g and 220?
20
Let f be ((-9)/4)/(3/(-64)). Suppose -f*u + 53*u - 165 = 0. What is the highest common factor of u and 11?
11
Let b(q) = 3*q**2 + 37*q - 7. Let i be b(-13). What is the greatest common divisor of i and 19?
19
Let b be (2/(-3))/(1/(-6)*1). Suppose -5*v - r = -65, 0 = -4*v + r + b*r + 52. What is the greatest common divisor of v and 13?
13
Suppose b - 298 = 2*g, 4*b - 2*g = -g + 1164. Let y(r) = 13*r**2 - 19*r - 32. Let h be y(-2). What is the greatest common divisor of h and b?
58
Let h(j) = -18*j + 1168. Let d be h(46). Calculate the highest common factor of d and 68.
68
Let d(q) = 175*q - 203. Let w be d(11). What is the highest common divisor of 42 and w?
42
Suppose -4*t = 2*c - 22, -c + 14 = -0*c + 3*t. Suppose -75 = c*k - 215. Calculate the greatest common factor of 196 and k.
28
Let n be 0 - 28*(-1)/(20/15). Calculate the greatest common factor of 7 and n.
7
Let l be ((-6543)/360 - (-15)/40)*-25. Calculate the highest common divisor of l and 178.
89
Let i = -3165 - -4542. Calculate the highest common divisor of i and 81.
81
Let f be 9/(-15) + ((-2026)/(-10) - 2). Let h be 1089/44 + (-2)/(-8). Calculate the highest common divisor of h and f.
25
Let p = 9 + 5. Let x(d) = 6*d**2 - 4*d + 103. Let q(z) = z**2 - z + 1. Let k(a) = -5*q(a) + x(a). Let y be k(0). What is the greatest common divisor of p and y?
14
Suppose 14*g - 29 + 1 = 0. Calculate the greatest common divisor of g and 11.
1
Let n = -17 - -61. Let q = 6 + 6. Let z = -8 + q. Calculate the greatest common divisor of n and z.
4
Let n = 19 + -28. Let d(w) = -w**2 - 7*w + 21. Let t be d(n). What is the greatest common factor of 24 and t?
3
Let d = -554 - -882. What is the highest common factor of 41 and d?
41
Suppose 5*l + 3*y - 772 = 117, -191 = -l - 5*y. Suppose -5*u + l = 3*u. Calculate the highest common divisor of u and 198.
22
Let h = -3 + 30. Suppose -40 = -8*c + 13*c. Let l(x) = x**3 + 7*x**2 - 10*x - 7. Let n be l(c). What is the highest common factor of h and n?
9
Let b be (-1717)/(-4) + 18/(-72). What is the greatest common factor of 33 and b?
33
Let s be (-1 - 0)/(2/(-100)). Let w = 48 + -35. Suppose w = l + 3. Calculate the greatest common factor of s and l.
10
Suppose -8*u - 4*u - 216 = 0. Let i be -2*3/((-6)/(-17)). Let j = i - u. What is the highest common divisor of j and 9?
1
Suppose 0 = -5*b - 0*v - 2*v + 81, -3*v + 84 = 5*b. What is the highest common factor of 885 and b?
15
Let o be (-2)/(-4) + (-6)/8*-486. Suppose -535 - o = -3*c - 3*w, 2*c - 616 = 2*w. What is the highest common factor of c and 16?
16
Suppose -3*j + 3*j = j. Suppose j = -4*a + 2 + 66. Calculate the highest common divisor of 17 and a.
17
Let j(w) = w**2 - 10*w - 1. Let r be j(11). Let a = -40 + 49. Let p = a + 11. Calculate the highest common factor of r and p.
10
Let r(o) = 4*o**2 + o + 2. Let a be r(2). Let p(x) = 7*x + 3 - 13*x**2 - 14*x**2 - 9 + 26*x**2. Let w be p(5). What is the greatest common factor of a and w?
4
Let m(n) = -n**2 + 22*n - 36. Let b be m(20). Let f be 7/(-10)*b*(-4 - 1). Calculate the highest common divisor of f and 14.
14
Suppose 5*y = s - 4, 0*y + 3*y + 5*s + 8 = 0. Let a be 2/y + (-51)/(-3) + -3. What is the greatest common divisor of a and 24?
12
Let q(n) = -6*n - 11*n**3 - 8*n + 10*n**2 + 4*n**3 + 6*n**3. Let g be q(8). What is the greatest common factor of g and 104?
8
Let y(u) = u**3 + 5*u**2 - 19*u - 12. Let p(